{"id":18,"date":"2021-03-01T19:22:12","date_gmt":"2021-03-01T19:22:12","guid":{"rendered":"https:\/\/crypto.wordifysites.com\/?page_id=18"},"modified":"2024-08-05T09:31:19","modified_gmt":"2024-08-05T09:31:19","slug":"contact","status":"publish","type":"page","link":"https:\/\/guerragomezasesores.com\/?page_id=18","title":{"rendered":"Contacto nuevos clientes"},"content":{"rendered":"<section class=\"gb-container gb-container-dd1b946c\">\n<div class=\"gb-container gb-container-9d1e7be5\">\n<div class=\"gb-container gb-container-47af95e9\">\n\n<p class=\"gb-headline gb-headline-ea2e0591 gb-headline-text\"><\/p>\n\n\n\n<div class=\"wp-block-contact-form-7-contact-form-selector\">\n<div class=\"wpcf7 no-js\" id=\"wpcf7-f1065-o1\" lang=\"es-ES\" dir=\"ltr\" data-wpcf7-id=\"1065\">\n<div class=\"screen-reader-response\"><p role=\"status\" aria-live=\"polite\" aria-atomic=\"true\"><\/p> <ul><\/ul><\/div>\n<form action=\"\/index.php?rest_route=%2Fwp%2Fv2%2Fpages%2F18#wpcf7-f1065-o1\" method=\"post\" class=\"wpcf7-form init\" aria-label=\"Formulario de contacto\" novalidate=\"novalidate\" data-status=\"init\">\n<fieldset class=\"hidden-fields-container\"><input type=\"hidden\" name=\"_wpcf7\" value=\"1065\" \/><input type=\"hidden\" name=\"_wpcf7_version\" value=\"6.1.1\" \/><input type=\"hidden\" name=\"_wpcf7_locale\" value=\"es_ES\" \/><input type=\"hidden\" name=\"_wpcf7_unit_tag\" value=\"wpcf7-f1065-o1\" \/><input type=\"hidden\" name=\"_wpcf7_container_post\" value=\"0\" \/><input type=\"hidden\" name=\"_wpcf7_posted_data_hash\" value=\"\" \/>\n<\/fieldset>\n<p><label> Tu nombre<br \/>\n<span class=\"wpcf7-form-control-wrap\" data-name=\"your-name\"><input size=\"40\" maxlength=\"400\" class=\"wpcf7-form-control wpcf7-text wpcf7-validates-as-required\" autocomplete=\"name\" aria-required=\"true\" aria-invalid=\"false\" value=\"\" type=\"text\" name=\"your-name\" \/><\/span> <\/label>\n<\/p>\n<p><label> Tu correo electr\u00f3nico<br \/>\n<span class=\"wpcf7-form-control-wrap\" data-name=\"your-email\"><input size=\"40\" maxlength=\"400\" class=\"wpcf7-form-control wpcf7-email wpcf7-validates-as-required wpcf7-text wpcf7-validates-as-email\" autocomplete=\"email\" aria-required=\"true\" aria-invalid=\"false\" value=\"\" type=\"email\" name=\"your-email\" \/><\/span> <\/label>\n<\/p>\n<p><label> Asunto<br \/>\n<span class=\"wpcf7-form-control-wrap\" data-name=\"your-subject\"><input size=\"40\" maxlength=\"400\" class=\"wpcf7-form-control wpcf7-text wpcf7-validates-as-required\" aria-required=\"true\" aria-invalid=\"false\" value=\"\" type=\"text\" name=\"your-subject\" \/><\/span> <\/label>\n<\/p>\n<p><label> \u00bfEn qu\u00e9 podemos ayudarte? (opcional)<br \/>\n<span class=\"wpcf7-form-control-wrap\" data-name=\"your-message\"><textarea cols=\"40\" rows=\"10\" maxlength=\"2000\" class=\"wpcf7-form-control wpcf7-textarea\" aria-invalid=\"false\" name=\"your-message\"><\/textarea><\/span> <\/label>\n<\/p>\n<p><input class=\"wpcf7-form-control wpcf7-submit has-spinner\" type=\"submit\" value=\"Enviar\" \/>\n<\/p><div class=\"wpcf7-response-output\" aria-hidden=\"true\"><\/div>\n<\/form>\n<\/div>\n<\/div>\n\n<\/div>\n\n<div class=\"gb-container gb-container-339217fc\">\n\n<h2 class=\"gb-headline gb-headline-d9e4988a\"><span class=\"gb-icon\"><svg viewBox=\"0 0 80 42\" xmlns=\"http:\/\/www.w3.org\/2000\/svg\" data-name=\"subtract\"><path d=\"M0 20.06h80v1.87H0z\"><\/path><\/svg><\/span><span class=\"gb-headline-text\">\u00bfEn qu\u00e9 podemos ayudarte?<\/span><\/h2>\n\n\n\n<h2 class=\"gb-headline gb-headline-d9ff4fd2 gb-headline-text\">Contacto<\/h2>\n\n\n\n<p class=\"gb-headline gb-headline-59af0c3e gb-headline-text\"><\/p>\n\n\n<div class=\"gb-grid-wrapper gb-grid-wrapper-34f208bb\">\n<div class=\"gb-grid-column gb-grid-column-497f3171\"><div class=\"gb-container gb-container-497f3171\">\n\n<h3 class=\"gb-headline gb-headline-8cb59322\"><span class=\"gb-icon\"><svg aria-hidden=\"true\" role=\"img\" height=\"1em\" width=\"1em\" viewBox=\"0 0 384 512\" xmlns=\"http:\/\/www.w3.org\/2000\/svg\"><path fill=\"currentColor\" d=\"M172.268 501.67C26.97 291.031 0 269.413 0 192 0 85.961 85.961 0 192 0s192 85.961 192 192c0 77.413-26.97 99.031-172.268 309.67-9.535 13.774-29.93 13.773-39.464 0zM192 272c44.183 0 80-35.817 80-80s-35.817-80-80-80-80 35.817-80 80 35.817 80 80 80z\"><\/path><\/svg><\/span><span class=\"gb-headline-text\">Direcci\u00f3n<\/span><\/h3>\n\n\n\n<p class=\"gb-headline gb-headline-beab9453 gb-headline-text\">C\/Francisco Sarmiento, 09005 Burgos<\/p>\n\n<\/div><\/div>\n\n<div class=\"gb-grid-column gb-grid-column-f9da5817\"><div class=\"gb-container gb-container-f9da5817\"><\/div><\/div>\n\n<div class=\"gb-grid-column gb-grid-column-e4f1a74f\"><div class=\"gb-container gb-container-e4f1a74f\">\n\n<h3 class=\"gb-headline gb-headline-68de6af9\"><span class=\"gb-icon\"><svg viewBox=\"0 0 473.806 473.806\" xmlns=\"http:\/\/www.w3.org\/2000\/svg\"><path d=\"M374.456 293.506c-9.7-10.1-21.4-15.5-33.8-15.5-12.3 0-24.1 5.3-34.2 15.4l-31.6 31.5c-2.6-1.4-5.2-2.7-7.7-4-3.6-1.8-7-3.5-9.9-5.3-29.6-18.8-56.5-43.3-82.3-75-12.5-15.8-20.9-29.1-27-42.6 8.2-7.5 15.8-15.3 23.2-22.8 2.8-2.8 5.6-5.7 8.4-8.5 21-21 21-48.2 0-69.2l-27.3-27.3c-3.1-3.1-6.3-6.3-9.3-9.5-6-6.2-12.3-12.6-18.8-18.6-9.7-9.6-21.3-14.7-33.5-14.7s-24 5.1-34 14.7l-.2.2-34 34.3c-12.8 12.8-20.1 28.4-21.7 46.5-2.4 29.2 6.2 56.4 12.8 74.2 16.2 43.7 40.4 84.2 76.5 127.6 43.8 52.3 96.5 93.6 156.7 122.7 23 10.9 53.7 23.8 88 26 2.1.1 4.3.2 6.3.2 23.1 0 42.5-8.3 57.7-24.8.1-.2.3-.3.4-.5 5.2-6.3 11.2-12 17.5-18.1 4.3-4.1 8.7-8.4 13-12.9 9.9-10.3 15.1-22.3 15.1-34.6 0-12.4-5.3-24.3-15.4-34.3l-54.9-55.1zm35.8 105.3c-.1 0-.1.1 0 0-3.9 4.2-7.9 8-12.2 12.2-6.5 6.2-13.1 12.7-19.3 20-10.1 10.8-22 15.9-37.6 15.9-1.5 0-3.1 0-4.6-.1-29.7-1.9-57.3-13.5-78-23.4-56.6-27.4-106.3-66.3-147.6-115.6-34.1-41.1-56.9-79.1-72-119.9-9.3-24.9-12.7-44.3-11.2-62.6 1-11.7 5.5-21.4 13.8-29.7l34.1-34.1c4.9-4.6 10.1-7.1 15.2-7.1 6.3 0 11.4 3.8 14.6 7l.3.3c6.1 5.7 11.9 11.6 18 17.9 3.1 3.2 6.3 6.4 9.5 9.7l27.3 27.3c10.6 10.6 10.6 20.4 0 31-2.9 2.9-5.7 5.8-8.6 8.6-8.4 8.6-16.4 16.6-25.1 24.4-.2.2-.4.3-.5.5-8.6 8.6-7 17-5.2 22.7l.3.9c7.1 17.2 17.1 33.4 32.3 52.7l.1.1c27.6 34 56.7 60.5 88.8 80.8 4.1 2.6 8.3 4.7 12.3 6.7 3.6 1.8 7 3.5 9.9 5.3.4.2.8.5 1.2.7 3.4 1.7 6.6 2.5 9.9 2.5 8.3 0 13.5-5.2 15.2-6.9l34.2-34.2c3.4-3.4 8.8-7.5 15.1-7.5 6.2 0 11.3 3.9 14.4 7.3l.2.2 55.1 55.1c10.3 10.2 10.3 20.7.1 31.3zM256.056 112.706c26.2 4.4 50 16.8 69 35.8s31.3 42.8 35.8 69c1.1 6.6 6.8 11.2 13.3 11.2.8 0 1.5-.1 2.3-.2 7.4-1.2 12.3-8.2 11.1-15.6-5.4-31.7-20.4-60.6-43.3-83.5s-51.8-37.9-83.5-43.3c-7.4-1.2-14.3 3.7-15.6 11s3.5 14.4 10.9 15.6zM473.256 209.006c-8.9-52.2-33.5-99.7-71.3-137.5s-85.3-62.4-137.5-71.3c-7.3-1.3-14.2 3.7-15.5 11-1.2 7.4 3.7 14.3 11.1 15.6 46.6 7.9 89.1 30 122.9 63.7 33.8 33.8 55.8 76.3 63.7 122.9 1.1 6.6 6.8 11.2 13.3 11.2.8 0 1.5-.1 2.3-.2 7.3-1.1 12.3-8.1 11-15.4z\"><\/path><\/svg><\/span><span class=\"gb-headline-text\">Tel\u00e9fono<\/span><\/h3>\n\n\n\n<p class=\"gb-headline gb-headline-0f2f283a gb-headline-text\"><a href=\"tel:(+11)58 734 1234\">(+11)58 734 1234<\/a><\/p>\n\n<\/div><\/div>\n\n<div class=\"gb-grid-column gb-grid-column-9e302285\"><div class=\"gb-container gb-container-9e302285\">\n\n<h3 class=\"gb-headline gb-headline-c643f93a\"><span class=\"gb-icon\"><svg aria-hidden=\"true\" role=\"img\" height=\"1em\" width=\"1em\" viewBox=\"0 0 512 512\" xmlns=\"http:\/\/www.w3.org\/2000\/svg\"><path fill=\"currentColor\" d=\"M464 64H48C21.49 64 0 85.49 0 112v288c0 26.51 21.49 48 48 48h416c26.51 0 48-21.49 48-48V112c0-26.51-21.49-48-48-48zm0 48v40.805c-22.422 18.259-58.168 46.651-134.587 106.49-16.841 13.247-50.201 45.072-73.413 44.701-23.208.375-56.579-31.459-73.413-44.701C106.18 199.465 70.425 171.067 48 152.805V112h416zM48 400V214.398c22.914 18.251 55.409 43.862 104.938 82.646 21.857 17.205 60.134 55.186 103.062 54.955 42.717.231 80.509-37.199 103.053-54.947 49.528-38.783 82.032-64.401 104.947-82.653V400H48z\"><\/path><\/svg><\/span><span class=\"gb-headline-text\">Email<\/span><\/h3>\n\n\n\n<p class=\"gb-headline gb-headline-9d164fdb gb-headline-text\"><a href=\"tel:(+11)59 904 1834\">manuel@guerragomez.es<\/a><\/p>\n\n<\/div><\/div>\n<\/div>\n<\/div>\n<\/div>\n<\/section>","protected":false},"excerpt":{"rendered":"<p>\u00bfEn qu\u00e9 podemos ayudarte? Contacto<\/p>\n","protected":false},"author":1,"featured_media":0,"parent":0,"menu_order":0,"comment_status":"closed","ping_status":"closed","template":"","meta":{"footnotes":""},"class_list":["post-18","page","type-page","status-publish"],"yoast_head":"<!-- This site is optimized with the Yoast SEO plugin v25.8 - https:\/\/yoast.com\/wordpress\/plugins\/seo\/ -->\n<title>Contacto nuevos clientes - Guerra G\u00f3mez Asesores<\/title>\n<meta name=\"robots\" content=\"index, follow, max-snippet:-1, max-image-preview:large, max-video-preview:-1\" \/>\n<link rel=\"canonical\" href=\"https:\/\/guerragomezasesores.com\/?page_id=18\" \/>\n<meta property=\"og:locale\" content=\"es_ES\" \/>\n<meta property=\"og:type\" content=\"article\" \/>\n<meta property=\"og:title\" content=\"Contacto nuevos clientes - Guerra G\u00f3mez Asesores\" \/>\n<meta property=\"og:description\" content=\"\u00bfEn qu\u00e9 podemos ayudarte? Contacto\" \/>\n<meta property=\"og:url\" content=\"https:\/\/guerragomezasesores.com\/?page_id=18\" \/>\n<meta property=\"og:site_name\" content=\"Guerra G\u00f3mez Asesores\" \/>\n<meta property=\"article:modified_time\" content=\"2024-08-05T09:31:19+00:00\" \/>\n<meta name=\"twitter:card\" content=\"summary_large_image\" \/>\n<script type=\"application\/ld+json\" class=\"yoast-schema-graph\">{\"@context\":\"https:\/\/schema.org\",\"@graph\":[{\"@type\":\"WebPage\",\"@id\":\"https:\/\/guerragomezasesores.com\/?page_id=18\",\"url\":\"https:\/\/guerragomezasesores.com\/?page_id=18\",\"name\":\"Contacto nuevos clientes - Guerra G\u00f3mez Asesores\",\"isPartOf\":{\"@id\":\"https:\/\/guerragomezasesores.com\/#website\"},\"datePublished\":\"2021-03-01T19:22:12+00:00\",\"dateModified\":\"2024-08-05T09:31:19+00:00\",\"breadcrumb\":{\"@id\":\"https:\/\/guerragomezasesores.com\/?page_id=18#breadcrumb\"},\"inLanguage\":\"es\",\"potentialAction\":[{\"@type\":\"ReadAction\",\"target\":[\"https:\/\/guerragomezasesores.com\/?page_id=18\"]}]},{\"@type\":\"BreadcrumbList\",\"@id\":\"https:\/\/guerragomezasesores.com\/?page_id=18#breadcrumb\",\"itemListElement\":[{\"@type\":\"ListItem\",\"position\":1,\"name\":\"Portada\",\"item\":\"https:\/\/guerragomezasesores.com\/\"},{\"@type\":\"ListItem\",\"position\":2,\"name\":\"Contacto nuevos clientes\"}]},{\"@type\":\"WebSite\",\"@id\":\"https:\/\/guerragomezasesores.com\/#website\",\"url\":\"https:\/\/guerragomezasesores.com\/\",\"name\":\"Guerra G\u00f3mez Asesores\",\"description\":\"Asesor\u00eda y gesti\u00f3n en Burgos\",\"publisher\":{\"@id\":\"https:\/\/guerragomezasesores.com\/#organization\"},\"potentialAction\":[{\"@type\":\"SearchAction\",\"target\":{\"@type\":\"EntryPoint\",\"urlTemplate\":\"https:\/\/guerragomezasesores.com\/?s={search_term_string}\"},\"query-input\":{\"@type\":\"PropertyValueSpecification\",\"valueRequired\":true,\"valueName\":\"search_term_string\"}}],\"inLanguage\":\"es\"},{\"@type\":\"Organization\",\"@id\":\"https:\/\/guerragomezasesores.com\/#organization\",\"name\":\"Guerra G\u00f3mez Asesores\",\"url\":\"https:\/\/guerragomezasesores.com\/\",\"logo\":{\"@type\":\"ImageObject\",\"inLanguage\":\"es\",\"@id\":\"https:\/\/guerragomezasesores.com\/#\/schema\/logo\/image\/\",\"url\":\"https:\/\/guerragomezasesores.com\/wp-content\/uploads\/2024\/08\/Logo-guerra-2.png\",\"contentUrl\":\"https:\/\/guerragomezasesores.com\/wp-content\/uploads\/2024\/08\/Logo-guerra-2.png\",\"width\":876,\"height\":215,\"caption\":\"Guerra G\u00f3mez Asesores\"},\"image\":{\"@id\":\"https:\/\/guerragomezasesores.com\/#\/schema\/logo\/image\/\"}}]}<\/script>\n<!-- \/ Yoast SEO plugin. -->","yoast_head_json":{"title":"Contacto nuevos clientes - Guerra G\u00f3mez Asesores","robots":{"index":"index","follow":"follow","max-snippet":"max-snippet:-1","max-image-preview":"max-image-preview:large","max-video-preview":"max-video-preview:-1"},"canonical":"https:\/\/guerragomezasesores.com\/?page_id=18","og_locale":"es_ES","og_type":"article","og_title":"Contacto nuevos clientes - Guerra G\u00f3mez Asesores","og_description":"\u00bfEn qu\u00e9 podemos ayudarte? Contacto","og_url":"https:\/\/guerragomezasesores.com\/?page_id=18","og_site_name":"Guerra G\u00f3mez Asesores","article_modified_time":"2024-08-05T09:31:19+00:00","twitter_card":"summary_large_image","schema":{"@context":"https:\/\/schema.org","@graph":[{"@type":"WebPage","@id":"https:\/\/guerragomezasesores.com\/?page_id=18","url":"https:\/\/guerragomezasesores.com\/?page_id=18","name":"Contacto nuevos clientes - Guerra G\u00f3mez Asesores","isPartOf":{"@id":"https:\/\/guerragomezasesores.com\/#website"},"datePublished":"2021-03-01T19:22:12+00:00","dateModified":"2024-08-05T09:31:19+00:00","breadcrumb":{"@id":"https:\/\/guerragomezasesores.com\/?page_id=18#breadcrumb"},"inLanguage":"es","potentialAction":[{"@type":"ReadAction","target":["https:\/\/guerragomezasesores.com\/?page_id=18"]}]},{"@type":"BreadcrumbList","@id":"https:\/\/guerragomezasesores.com\/?page_id=18#breadcrumb","itemListElement":[{"@type":"ListItem","position":1,"name":"Portada","item":"https:\/\/guerragomezasesores.com\/"},{"@type":"ListItem","position":2,"name":"Contacto nuevos clientes"}]},{"@type":"WebSite","@id":"https:\/\/guerragomezasesores.com\/#website","url":"https:\/\/guerragomezasesores.com\/","name":"Guerra G\u00f3mez Asesores","description":"Asesor\u00eda y gesti\u00f3n en Burgos","publisher":{"@id":"https:\/\/guerragomezasesores.com\/#organization"},"potentialAction":[{"@type":"SearchAction","target":{"@type":"EntryPoint","urlTemplate":"https:\/\/guerragomezasesores.com\/?s={search_term_string}"},"query-input":{"@type":"PropertyValueSpecification","valueRequired":true,"valueName":"search_term_string"}}],"inLanguage":"es"},{"@type":"Organization","@id":"https:\/\/guerragomezasesores.com\/#organization","name":"Guerra G\u00f3mez Asesores","url":"https:\/\/guerragomezasesores.com\/","logo":{"@type":"ImageObject","inLanguage":"es","@id":"https:\/\/guerragomezasesores.com\/#\/schema\/logo\/image\/","url":"https:\/\/guerragomezasesores.com\/wp-content\/uploads\/2024\/08\/Logo-guerra-2.png","contentUrl":"https:\/\/guerragomezasesores.com\/wp-content\/uploads\/2024\/08\/Logo-guerra-2.png","width":876,"height":215,"caption":"Guerra G\u00f3mez Asesores"},"image":{"@id":"https:\/\/guerragomezasesores.com\/#\/schema\/logo\/image\/"}}]}},"_links":{"self":[{"href":"https:\/\/guerragomezasesores.com\/index.php?rest_route=\/wp\/v2\/pages\/18","targetHints":{"allow":["GET"]}}],"collection":[{"href":"https:\/\/guerragomezasesores.com\/index.php?rest_route=\/wp\/v2\/pages"}],"about":[{"href":"https:\/\/guerragomezasesores.com\/index.php?rest_route=\/wp\/v2\/types\/page"}],"author":[{"embeddable":true,"href":"https:\/\/guerragomezasesores.com\/index.php?rest_route=\/wp\/v2\/users\/1"}],"replies":[{"embeddable":true,"href":"https:\/\/guerragomezasesores.com\/index.php?rest_route=%2Fwp%2Fv2%2Fcomments&post=18"}],"version-history":[{"count":8,"href":"https:\/\/guerragomezasesores.com\/index.php?rest_route=\/wp\/v2\/pages\/18\/revisions"}],"predecessor-version":[{"id":1134,"href":"https:\/\/guerragomezasesores.com\/index.php?rest_route=\/wp\/v2\/pages\/18\/revisions\/1134"}],"wp:attachment":[{"href":"https:\/\/guerragomezasesores.com\/index.php?rest_route=%2Fwp%2Fv2%2Fmedia&parent=18"}],"curies":[{"name":"wp","href":"https:\/\/api.w.org\/{rel}","templated":true}]}}